6*c(z) + 11*h(z). Give w(x).
-5
Let i(l) be the second derivative of -l**5/20 + l**4/2 - l**3 + 7*l**2/2 + 6*l. What is i(5)?
2
Let r = -3 - -6. Suppose -4*g + 26 = -2*h, 0 = h - 3*h + 6. Let y(u) = 0 + u - 9 + g. Determine y(r).
2
Let v(n) = 7*n - 5. Let x(r) = r**2 - 2*r + 3. Let h be x(2). Let s(m) = -2*m + 2. Let d(y) = h*v(y) + 8*s(y). What is d(1)?
6
Let j(o) = -o**3 + 6*o**2 - 5*o - 7. Let k = 15 - 10. What is j(k)?
-7
Let h(a) be the third derivative of -a**5/30 + a**4/24 + a**3/6 + 3*a**2. Give h(2).
-5
Let r be -3 - 6*(-3)/6. Let a(n) = -n - 2 + 3 - 3 + r*n. Give a(-4).
2
Let p = -16 - -18. Let q(x) be the second derivative of 1/20*x**5 + 0 + 0*x**4 + x + 5/2*x**p + 0*x**3. Give q(0).
5
Let c(u) be the first derivative of -u**4/4 - u**3/3 + u**2/2 + 3*u + 1. Suppose 5*t + 0 = -y + 2, -5*y + 10 = -3*t. Calculate c(t).
3
Let k(c) be the third derivative of c**4/12 - 11*c**3/6 - 8*c**2. Calculate k(8).
5
Let h be (-2 - 24/(-9))*3. Let m(v) = -4*v + h*v + v + 2 - 3*v - v**2. Let q be (1*-1)/(2/8). What is m(q)?
2
Let r be (4/(-5))/((-4)/20). Let i(o) be the second derivative of o**5/20 - o**4/4 - o**3/3 - o**2 - o. Give i(r).
6
Let m(o) = -o - 2. Suppose 9*p + 25 = 4*p. What is m(p)?
3
Let v(t) = -t**3 + 5*t**2 - 4*t + 4. Let p be v(4). Suppose 2*h - 10 + p = 0. Let y(n) = -6*n**2 + 1 + 1 + 3 + n**h + 4*n. Calculate y(5).
0
Suppose 4*g + 16 = 2*g + 4*l, -5*l = -5*g - 15. Suppose j = -g*f + 7, 0 = -4*j - 2*f - 2*f + 24. Suppose -2*x + j = -3*x. Let h(u) = -u - 4. Determine h(x).
1
Let x(f) be the second derivative of 0 + 0*f**2 - f + 1/2*f**3. Let m be (-7)/(-3) - 1/3. What is x(m)?
6
Let d = -3 + 0. Let g = d + 5. Let n(v) = -v**3 + 1 + 2*v - 7 + 2 + 3. Determine n(g).
-5
Suppose 3*q - 4*q - 4 = 0. Let n(g) = -2*g - 5. Let a(z) = z + 2. Let d(b) = q*n(b) - 9*a(b). Calculate d(4).
-2
Let v(q) = q**3 + 4*q**2 - 8*q - 6. Let f = -1 + 5. Let o be -1*2*10/f. Give v(o).
9
Let n be (-15)/5 - -10 - 11. Let g(d) = 2*d**2 + 12*d + 5. Let s(a) = a**2 + 6*a + 2. Let f(q) = -2*g(q) + 5*s(q). Give f(n).
-8
Let z(s) = -s**3 + 0*s**3 + 4*s**3 + s + 3 + 8*s**2 + 3*s. Let g(h) = -5*h**3 - 15*h**2 - 8*h - 7. Let f(k) = 4*g(k) + 7*z(k). What is f(5)?
-2
Suppose -3 = 2*b - 3*i, 9 = 2*b + 2*i - i. Let v(t) = t + 1. Calculate v(b).
4
Let g(f) = f**3 + 12*f**2 + f + 3. Let c(v) = 6*v + 54. Let p be c(-11). Give g(p).
-9
Let h(g) = g. Suppose -2*q + 2 = -0*x - x, -2*x - 3*q + 31 = 0. Let b be (x - 1) + (-1 - 2). Give h(b).
4
Let r(k) = -9*k - 1. Let l(s) = -9 - 5*s - 4*s**2 + 2 + 3*s**2. Let m be l(-3). What is r(m)?
8
Suppose 2*q = -3*r + 8, 2*q = 1 - 5. Let n(k) = k - 2. Give n(r).
2
Let d be (1/6)/(0 + (-4)/(-24)). Let i(c) = 0 + 6*c**3 + 0 - c**2 - c + 1. What is i(d)?
5
Let m = 7 - -2. Let b = 5 - m. Let w(j) = -4 - 7*j + 0 - j**2 - 2. Give w(b).
6
Let q(v) = -v**2 + 10*v - 21. Let j be q(6). Let n(a) = -a**2 + 4*a - 1. Determine n(j).
2
Let r(t) = 4*t**2 - 2. Let w = 8 - 7. Suppose -4*g = w + 7. What is r(g)?
14
Let k(w) = -2*w + 8. Let i be k(8). Let q = 12 - 25. Let v = q - i. Let z(y) = -y - 5. Determine z(v).
0
Let v(r) = -193 + 5*r - 2*r + 194. Calculate v(2).
7
Let m(i) = -3*i - 7. Let v = 28 - 34. Calculate m(v).
11
Let b = -19 - -13. Let s be b/(-27) + 94/(-18). Let z = s - -1. Let h(q) = q**2 + 3*q + 2. What is h(z)?
6
Let n(z) = -17*z. Let i = 0 - -1. Calculate n(i).
-17
Let f be 2/(3 + (-10)/4). Let g(c) = c**3 - 5*c**2 + c + 2. What is g(f)?
-10
Let q(z) be the second derivative of -z**6/60 + z**5/15 - z**4/8 - z**2/2 - z. Let s(o) be the first derivative of q(o). Give s(2).
-6
Let r(w) = 2*w + 6. Let z be 143/(-44) - (-6)/(-8). What is r(z)?
-2
Let f(z) = -z**2 + 6*z - 2. Let c be f(5). Let k(g) = g**3 + 0 + c + 5*g + 4*g**2 + 0*g**3. Let s = -4 + 1. Give k(s).
-3
Let o(g) = g**2 - 6*g - 5. Let a(k) = -3*k**2 + 18*k + 15. Let l(d) = 4*a(d) + 11*o(d). Calculate l(6).
5
Let l(i) = i**3 + 4*i**2 + 4*i + 2. Let s(v) = -v**2 - 1. Let k(z) = 3*z**2 + 7*z. Let q(r) = -k(r) - 4*s(r). Let o be q(3). Let y = -11 - o. Give l(y).
-1
Let u(x) = -x - 1. Let d(r) = 18*r + 9. Let w(j) = -d(j) - 15*u(j). Let t(o) = -o + 2. Let f be t(-4). What is w(f)?
-12
Let s(a) = a**3 + 15*a**2 - 4*a**3 + a + 2*a**3 - 13*a**2. What is s(2)?
2
Let c(a) be the first derivative of -10*a + 2/3*a**3 + 0*a**2 - 1. Let x(l) = -l**2 + l. Let w(j) = c(j) + x(j). Determine w(0).
-10
Let a(w) = 7*w + 12. Let h(d) = 4*d + 6. Let j(k) = -3*a(k) + 5*h(k). Let m = -4 - 0. Let i be j(m). Let b(u) = u - 2. Give b(i).
-4
Let d(m) = m + 8. Let r be (-69)/18 + -2 + (-1)/6. Give d(r).
2
Suppose 45 - 60 = -3*d. Let k(p) be the first derivative of -p**4/24 + 2*p**3/3 + p**2 - 2. Let l(g) be the second derivative of k(g). Determine l(d).
-1
Let z(b) = 2*b - 2*b + 4 - 3*b - 5. Determine z(-1).
2
Suppose 3*n + 5 = -1. Let i(q) = -4*q + 2 + 0 - 5. Calculate i(n).
5
Let n(o) = -o**3 - 4*o**2 - 2*o - 6. Suppose -4*j - 2*h = -16, -2*j + 4*h - 2 + 0 = 0. Suppose -5*i = -10, -i + 0 = 3*l + 19. Let g = j + l. Calculate n(g).
2
Let k = 2 + -7. Let b(l) = -l**2 - 8*l - 7. Determine b(k).
8
Let n(g) = 4*g**2 - g - 1. Let u(m) = m**2 + 2*m - 1. Let x be u(-3). Suppose -3*d + x = -h + 8, -3*d + 4*h = 15. Determine n(d).
4
Let b = -3 - -5. Let f(v) = 0*v**b - 2*v**2 + v - v**2. Let q be 3 - -5 - (-70)/(-10). Give f(q).
-2
Let j(g) = 8*g - 1. Suppose 0*p + 4*p + 2*y - 12 = 0, -y = 5*p - 9. Give j(p).
7
Let n = 254 + -259. Let t(j) = -j - 4. Let i(x) be the first derivative of -x**2 - 9*x - 1. Let w(l) = -4*i(l) + 9*t(l). Give w(n).
5
Let k(s) = -s**2 + 2*s + 12. Let b be k(5). Let l(p) = 7*p + 4. Calculate l(b).
-17
Let b(h) = 2*h - 2. Suppose 4*d = -0 - 8. Determine b(d).
-6
Let f(b) = -269*b + 5 + 268*b + 4. Give f(6).
3
Let j(t) be the second derivative of t**3/3 - 8*t**2 + 12*t. Calculate j(7).
-2
Let h be (-56)/80*-2 - (-6)/10. Let t(d) = -2*d**2 - d. What is t(h)?
-10
Let u(s) be the third derivative of -s**5/60 - 5*s**4/24 + s**3/2 - 2*s**2. Determine u(-6).
-3
Let g(q) = 13*q**2 - 5*q**2 - 7*q**2 - 5. Determine g(5).
20
Let i(o) = 2*o + 4 + o - 4*o. Determine i(6).
-2
Let w(v) = -v**3 - v**2 + 2*v + 1. Let l = 34 - 37. What is w(l)?
13
Let z(k) be the third derivative of 0*k**4 - 3*k**2 + 0*k + 1/6*k**3 + 0 - 1/20*k**5. Let m(p) = p + 6. Let q be m(-7). What is z(q)?
-2
Let o(v) = 6*v**2 + 2*v + 2. Let x(d) = d**2 + d + 1. Let s(k) = -o(k) + 5*x(k). Determine s(4).
-1
Let o(x) = -x - 2. Let b be o(-5). Suppose 4 = b*l - 8. Let d(y) = 2 - y**3 - 2*y + 2*y**3 - 5 - l*y**2. Give d(4).
-11
Let q(i) = -9*i + i**2 + 0 + 2*i + 0. Determine q(5).
-10
Let n(g) = -1 - 2*g + 0*g - g**2 - 4*g + 3. Determine n(-7).
-5
Let q(u) = u**3 + 0*u**2 - 2*u - 6*u**2 - u**2 + 8 + u**2. Let c = 6 + 0. Let k be q(c). Let p(b) = b + 6. Give p(k).
2
Let l(c) = -2*c**2 + c - 1. Let x be (-2)/(-3)*42/28. Determine l(x).
-2
Let y(b) = 6*b**2 - 2*b - 2. Suppose -7*q = -12*q + j - 8, 3*j - 5 = -4*q. Calculate y(q).
6
Let m(f) = f - 9. Let i(p) = -p**2 - 11*p + 16. Let x be i(-12). Suppose -x*s = 3*j + 2*j - 28, 0 = 3*s + 3*j - 21. What is m(s)?
-2
Let h(u) = u**2 + 4*u. Let b be h(-3). Let j = -4 - b. Let i(g) be the first derivative of g**3/3 - g**2/2 - g - 1. What is i(j)?
1
Suppose -20*u + 24*u = 3*c - 10, -4*c = -u + 4. Let a(h) = h**3 - h**2 - 2*h + 1. Let w(o) = -2*o**3 + 3*o**2 + 5*o - 3. Let d(j) = 5*a(j) + 2*w(j). Give d(c).
-5
Let n be 9/((-36)/(-8)) - -1. Let k(i) be the second derivative of -i**4/12 + 2*i**2 + i. What is k(n)?
-5
Suppose 4*v + 1 = -7. Let c be 11/4 - 1/(-4). Let q = v + c. Let h(f) = 5*f - 1. Calculate h(q).
4
Let h(a) = -a - 5. Let r(d) = d**2 - 9*d - 13. Let s be r(10). Calculate h(s).
-2
Let t(c) = -3*c**2 + c + 1. Let g be t(-1). Let a(k) = 0*k**2 + 1 - 3*k**2 - 2*k**3 + k**3. What is a(g)?
1
Let j(w) = -w**3 + w**2 - w - 2. Let c = 71 + -69. Calculate j(c).
-8
Let t(j) = -7*j + 30. Let r be t(5). Let l(p) = -2*p - 6. Determine l(r).
4
Let t be 8*10/4 - 3. Suppose -5*m + 8 = -j, 2*j - m - 13 + 2 = 0. Suppose t + j = 4*u. Let a(x) = x**2 - 6*x - 5. Determine a(u).
-5
Let x(j) = 12*j + 19. Let l(d) = -19*d - 29. Let n(s) = 5*l(s) + 8*x(s). Calculate n(-9).
-2
Let v(z) = -5*z**3 - 6*z - 6. Let j(n) = 6*n**3 + n**2 + 7*n + 6. Let g(t) = -6*j(t) - 7*v(t). Calculate g(-6).
6
Suppose 2*h = -w + 4 - 2, -4*